).
1
Let r(y) be the second derivative of y**5/20 - y**3/6 - y**2/2 - 8*y + 11. Calculate r(0).
-1
Let c(b) = b**2 + 20*b + 22. Let y(a) = -4*a**2 - 65*a - 33. Let k be y(-16). What is c(k)?
-29
Suppose -2*t + 10 = 0, 2*b = 2*t - 8 - 6. Let w(j) = -27. Let v(r) = -r + 14. Let s(f) = -2*v(f) - w(f). What is s(b)?
-5
Let g(a) = -14*a + 7. Suppose 220*f - 149*f = -355. Calculate g(f).
77
Let n(y) = -y**3 - 8*y**2 - 11*y - 7. Let p(k) = -2*k**3 - 36*k**2 + 20. Let s be p(-18). Let w(f) = -3*f + 53. Let l be w(s). What is n(l)?
21
Let q(h) = -h**3 - 12*h**2 - 2*h + 8. Suppose 0 = 333*p - 306*p + 324. What is q(p)?
32
Let s be -4*(-1)/((-8)/(-6)). Let p(a) = 21*a + 39 - 66 - 8*a - 20*a + 31. Calculate p(s).
-17
Let x(s) be the first derivative of -s**5/20 - s**4/4 + s**3/6 + s**2 + 15*s - 33. Let p(t) be the first derivative of x(t). Determine p(-3).
-1
Let c(r) = -4*r - 10. Let b(f) = 4*f + 11. Let k(n) = 4*b(n) + 5*c(n). Let y = -88 + 141. Suppose -y*p + 30 = -58*p. Give k(p).
18
Let s = -109 + 114. Suppose -9 = -s*t + 4*r, 18 = 5*t - r - 3. Let n(o) = -o**3 + 5*o**2 - 4. Calculate n(t).
-4
Suppose 0 = 2*y - 4*q + 12, -2*y + 6*q - q - 17 = 0. Let l = y + -1. Let a(t) = -t - 568 - 563 + 1699 - 561. Calculate a(l).
4
Let b(m) = 6*m + m**3 - 3 + 9510*m**2 - 4751*m**2 - 4750*m**2. What is b(-7)?
53
Suppose -4*b - 5*p - 19 = 0, p + 3*p = -12. Let d be (b/3)/(1/(-3)). Let t(r) be the first derivative of r**4/2 - r**3/3 + 103. Determine t(d).
1
Suppose 3*j - 10 = 47. Let g(l) = -l + 7*l - 6 + 13*l**2 + l**3 - j*l**2. Suppose 6*w - 48 = -18. Calculate g(w).
-1
Let x(q) = -9*q**2 + q - 21. Let a(s) = 20*s**2 - 2*s + 48. Let p(v) = -4*a(v) - 9*x(v). Give p(0).
-3
Let m(s) = -s**3 - 2*s**2 - 5*s + 7. Let h(t) = -5*t**3 - 8*t**2 - 19*t + 26. Let x(u) = 2*h(u) - 9*m(u). Calculate x(3).
1
Let h be (-95)/(-25) - (-7)/35. Let a(i) = -17*i**2 - 2 - 3*i + 9*i**2 + 16*i**2 + h. Calculate a(2).
28
Let n(u) = -2 + 6728*u - 1 - 6729*u + 1. Let o be (-1)/(15/20 - 1). Give n(o).
-6
Let h(w) = 7*w + 54. Let p(f) = -f**3 - 55*f**2 - 107*f - 61. Let d be p(-53). Calculate h(d).
-2
Suppose 5*q - 4*h - 21 = 0, -5*q + 129 = -2*h + 106. Let y(o) = -2*o**2 + 12*o - 15. Calculate y(q).
-5
Suppose 342 = j + 8*j. Let s(k) = k**2 + 32 - 2*k**2 - j - 4*k + 8*k - 11*k. What is s(-5)?
4
Let t(s) = -3*s**3 - 2*s**2 - 39*s - 78. Let h be t(-2). Let l(y) = y**2 - 16*y + 4. Give l(h).
4
Let s(o) = -4*o**2 + 15*o - 9. Let t be (16/18)/(68/306). What is s(t)?
-13
Let y(k) = -3*k**2 + 3*k + 15 - k**3 - 12 + 3*k**2. Let a(q) = -q**2 + q + 1. Let l(p) = -2*a(p) + y(p). Determine l(-2).
15
Let r(q) = 24 + 0 + 11*q + q**2 - 6*q**2 - 15. What is r(3)?
-3
Let u(o) be the second derivative of -o**2 + 2 + 16*o + 1/3*o**3 + 1/12*o**4. Give u(-5).
13
Let p(w) = -60*w - 54. Let q(h) = -141*h - 109. Let o(z) = 7*p(z) - 3*q(z). Give o(22).
15
Let s = 173 - 170. Let l(d) = d + 1. Let m(t) = 2*t + 1. Let c(j) = s*l(j) - 2*m(j). Determine c(-7).
8
Let o = 224 + -220. Let p(d) = -6*d + 11*d - 19 - o*d. Give p(13).
-6
Let n(o) = -o**2 - 2*o**3 - 2*o + o**3 - 6514 + 7*o + 6514. Let w be n(-2). Let y(d) = -2*d**2 - 7*d + 12. What is y(w)?
-18
Let n(h) = -h**2 - h + 1. Suppose 15*r + 44 + 16 = 0. Let a(q) = -6*q**2 - 5*q + 6. Let p(f) = r*n(f) + a(f). Suppose -10 + 1 = 3*o. What is p(o)?
-13
Let w(b) = -24*b - 30*b - 38*b**2 + 17*b**2 + 3 + 2*b**3 - 15 + 43*b. Give w(11).
-12
Suppose -4*q = -421*s + 420*s + 16, 4*s - 22 = 2*q. Let d(y) = y**2 - 10. What is d(s)?
6
Let q be 5*2 - (-5 + 11). Let r be 8/3 - (-1)/3. Let m(a) = q*a**2 - 3*a**2 - a**3 + r - 17. Calculate m(0).
-14
Let n(r) = 2 + 4*r**2 - 2*r**3 + r - 1 + r**3. Let o be ((-4)/14)/((-4170)/(-420) - 10). Give n(o).
5
Suppose o - 6 + 3 = 0. Let m be (-3 + o/3)/2. Let k(z) be the third derivative of z**6/40 + z**4/24 + z**3/6 + 2*z**2 - 14*z. What is k(m)?
-3
Let t(b) = -2*b**2 + 5*b - 14. Let s(i) = i**2 - 3*i + 7. Let r(u) = -11*s(u) - 6*t(u). Suppose -4*x - q = 16, -794*x + 4*q = -790*x + 56. Determine r(x).
25
Suppose 0 = 5*g - 51 + 26. Suppose -t = g*x - 2*x + 18, -t = 0. Let l(i) = i + 5. Let p be l(x). Let b(w) = 17*w. What is b(p)?
-17
Let d(g) be the second derivative of -g**5/20 - 3*g**4/4 - 5*g**3/6 - 5*g**2/2 + 3*g - 251. Give d(-8).
-29
Let f(k) = -12*k - 3. Let s be f(-4). Let q = -249 + 253. Let u be (q/(-5))/(18/s). Let h(n) = -9*n - 2. Determine h(u).
16
Let o(i) = -i**2 + 10*i + 27. Let m be ((-21)/(-12) + -2)/((-100)/3600). What is o(m)?
36
Let x = 109 - 1301/12. Let c(i) be the second derivative of -3*i**2 + 1/20*i**5 + x*i**4 + 0 + 5*i + 5/6*i**3. Calculate c(-6).
0
Let x(j) = j**3 + 10*j**2 + 54*j + 181. Let z be x(-6). Let q(s) = 4 + s + 33*s**2 - 4. Determine q(z).
34
Let j(y) = 30 + 34 - 3*y + 25 - 91 + 6*y. Suppose -50 = -3*l - 5*x, -14 = l - 4*l + 4*x. Let a = l - 8. Give j(a).
4
Let s(f) = -12*f + 39. Let b(m) = 2*m. Let v(i) = 5*b(i) + s(i). Give v(20).
-1
Let j(o) be the third derivative of o**7/2520 - o**6/720 - 29*o**4/8 - 14*o**2. Let s(f) be the second derivative of j(f). Let p be (4/6)/(1/6). Calculate s(p).
12
Let f(j) = j**2 - 4*j - 3. Suppose -3*o = 2*o - 20. Let n(q) = 2*q**2 - 12*q - 8. Let x(d) = o*n(d) - 11*f(d). Suppose -47*z = 38*z + 2*z + 261. Give x(z).
-14
Let l be -3*((-803)/264 + 3). Let f(c) be the third derivative of 0 - 6*c**2 + 1/6*c**3 + l*c**4 + 0*c. Give f(1).
4
Let p(s) = -11*s**3 + 3*s**2 - 2*s + 48. Let y(d) = 29*d**3 - 8*d**2 + 5*d - 143. Let w be (-47)/(-6) - 45/(-270). Let q(l) = w*p(l) + 3*y(l). Calculate q(0).
-45
Let l(p) = -p**3 - 40*p**2 - 39*p - 9. Let v = 20069 - 20108. Give l(v).
-9
Let v(y) be the first derivative of y**4/4 + 3*y**2/2 - 4*y - 11876. Give v(1).
0
Let d(m) = -12664*m + 12663*m - m**3 - m**2 + 3*m**2 - 2. Calculate d(-2).
16
Let j(q) = 0*q - 4*q + 5*q + 2 + 0*q. Let n be (96/30)/((1/20)/(-1)). Let x = n + 56. What is j(x)?
-6
Let y(g) = g**3 + 4*g**2 - 12*g - 6. Let x be 25/15*12/(-4). Let l(k) = -k**3 - 4*k**2 + 11*k + 6. Let w(t) = x*l(t) - 4*y(t). What is w(-5)?
4
Let i(w) = 16*w + w**2 - 2600281 + 2600358 + 3*w. Determine i(-13).
-1
Suppose 18*s + 2004 = 20*s. Let r = s + -998. Let j(b) = -b**2 + 7*b**2 - b**3 + b**2 - 6*b. Give j(r).
24
Let q(t) = -3*t - 6. Let v = 95 - 99. Let h be q(v). Let d(w) = 10*w**2 + 2 + 0*w**2 - h*w**2 + 2*w**3 - w**2 - 3*w. What is d(-3)?
-16
Let v(r) = -2*r**2 - 4 - 3*r - 1 + 7*r. Suppose -619*x = -499*x - 480. Determine v(x).
-21
Let l(b) = 2*b**2 - 20*b + 17. Suppose -t = 0, -4*q + 2*t + 36 = 5*t. What is l(q)?
-1
Let b(s) be the first derivative of s**4/4 - 7*s**3/3 - 2*s**2 - 25*s - 4173. What is b(8)?
7
Let l(a) = -a**2 - 10*a - 7. Suppose 5 = 6*c - 1. Let i be (4 + -1)*(-1)/c. Let z = -10 - i. Determine l(z).
14
Let b(d) = 12*d - 61. Suppose 185*m - 374*m + 185*m + 20 = 0. Determine b(m).
-1
Suppose -5*n = g + 19, 0 = 3*g + g + n. Suppose -7*l = 13 + g. Let z(r) be the second derivative of -r**4/2 - r**3/3 + r**2 + 3*r + 53. Determine z(l).
-18
Let y(m) = 4*m. Let k = -151 + 159. Let s be -5 + (-2)/k*-12. Give y(s).
-8
Let s(f) = -1 - 2*f - 3*f + 0 + 2 + f**2. Let c(z) = z - 12. Let r be c(14). Let x be s(r). Let k(u) = -u. Give k(x).
5
Let q(v) be the third derivative of 0 + 0*v + 9*v**2 - 1/24*v**4 + v**3. Suppose -4*r - r = 3*w - 35, 0 = 3*w - 2*r - 7. Determine q(w).
1
Let o(g) = -10*g**2 - 310*g + 1292. Let y(k) = -k**2 - 31*k + 129. Let b(p) = -2*o(p) + 21*y(p). Calculate b(-35).
-15
Let f(d) = -d**3 - 4*d**2 - d + 3. Let o be 14/49 - 2472/28. Let n be (-2)/((-16)/o + (-9)/(-11)). Calculate f(n).
-3
Suppose 17*d + 9*d = 13*d - 117. Let q(v) = -2*v - 16. What is q(d)?
2
Suppose 2*n + 5 = n. Let z(i) = -i**2 - 4*i + 1. Let p be z(n). Let f(m) be the first derivative of -5*m**2/2 - 6*m - 82. Calculate f(p).
14
Let s(z) = -z**3 + 8*z**2 - 6. Suppose 4*n - 2296 + 576 = 0. Let g = n - 422. What is s(g)?
-6
Suppose 16*x + 72 = -8*x + 33*x. Let a(b) = -b**2 + 8*b - 16. Determine a(x).
-16
Let a = -70 + 73. Let v(z) be the second derivative of -z**4/4 + z**3/2 + z**2 - 4*z + 6. Determine v(a).
-16
Let m(v) = 8*v + 240. Suppose 3*a = -4*r - 128, -40 = -637*r + 642*r. Determine m(a).
-16
Let u(v) = -v**2 + 10*v + 78. Let r be u(18). Let j be 22/r - 50/(-6). Let h(g) = g**3 - 7*g**2 - 10*g + 6. What is h(j)?
-10
Let n(d) = 3*d**2 - 2. 